/(2/(-128)). What is the greatest common divisor of i and u?
4
Suppose 0 = 3*c - 6 - 60. Calculate the greatest common factor of c and 2.
2
Let b(r) = r**2 - 3*r - 4. Suppose 45 = 5*o + 10. Let a be b(o). Calculate the highest common divisor of 60 and a.
12
Let w = 12 - 4. Let x be 2/(-6) - (-122)/6. What is the greatest common divisor of x and w?
4
Let l = 319 + -209. What is the highest common factor of l and 44?
22
Suppose -6 = -2*w + 36. Calculate the highest common factor of 147 and w.
21
Suppose j + 4*h - 14 = 0, 5*h + 31 + 49 = 2*j. Calculate the greatest common factor of j and 20.
10
Let u be ((-3367)/(-42) - 0) + (-1)/6. Calculate the greatest common divisor of u and 40.
40
Let b be 20 + 0/(1 - 2). Let u(d) = -7*d - 1. Let v be u(-1). Suppose 11*g - 25 = v*g. What is the greatest common factor of g and b?
5
Suppose m - 46 - 236 = 0. Let h be (-4)/((-8)/m) + -3. Calculate the greatest common factor of 23 and h.
23
Let k(t) = 3*t**2 + t + 1. Let n be k(-1). Suppose 3*j - 3 = 0, n*m = -4*j + 39 + 46. What is the highest common divisor of m and 9?
9
Let m be 38/(-19) - 1/1*-5. Calculate the highest common divisor of m and 15.
3
Suppose -5*t + 52 - 2 = 0. Suppose -2*n - 4*m + 0*m - 70 = 0, 3*m - 35 = n. Let o = -5 - n. What is the greatest common factor of o and t?
10
Let s = -14 + 26. Let q = -2 + 14. What is the highest common divisor of s and q?
12
Suppose -2*r = 2*r - 16. Suppose 32 + r = k. What is the greatest common divisor of k and 24?
12
Let l(x) = 0*x - 1 + 0 - 7*x. Let t be l(-1). Let v(d) = d**2 - d - 2. Let i be v(5). Calculate the highest common factor of t and i.
6
Let q(r) = 16*r - 6. Let a be q(1). What is the greatest common divisor of a and 90?
10
Suppose 2*f = -3*k + 29, 5*k - 4*f - 41 = 22. Let h = k + -1. What is the highest common divisor of 70 and h?
10
Suppose -r + 12 - 1 = 0. Let i(q) = 6*q - 3. Let d be i(6). Calculate the highest common divisor of d and r.
11
Let g(q) = -2*q**2 - 14*q - 8. Let w be g(-5). Calculate the highest common factor of 12 and w.
12
Suppose 4*c - 22 = 70. Let x be (207/6)/(-1)*-6. Calculate the greatest common factor of c and x.
23
Suppose q = 4*q + 5*k - 29, -5*k = -5*q + 115. Calculate the greatest common factor of q and 12.
6
Suppose 2*j - 186 = 6*j - 5*n, 0 = 2*j - 5*n + 88. Let w = j + 35. Let i be (-452)/w + 6/(-21). Calculate the greatest common divisor of i and 4.
4
Suppose -7*r = -2*r + 4*x - 760, 4*r = -4*x + 604. What is the greatest common divisor of r and 104?
52
Suppose 2*c - 5*f = -44, 3*c + 3*f + 37 = -8. Let i = c - -10. Let y = i + 11. What is the highest common divisor of y and 12?
4
Let l = -95 + 207. Let w = -72 + l. Calculate the greatest common divisor of 10 and w.
10
Suppose 5*a = u + 125, -a - a - u = -57. Let h be a/8 - 1/4. Suppose -22*k + 17 = -5*k. Calculate the highest common factor of k and h.
1
Let j be (-2 + (-2 - -5))*19. Suppose r - g - 6 = j, 2*r = 5*g + 41. Suppose 0 = -3*d + 5*d - 8. What is the highest common factor of d and r?
4
Suppose -2*p - 12 = -5*p. Calculate the greatest common factor of 44 and p.
4
Let h = -116 + 168. Suppose -4*p - 4*j = -h, 4*p = 2*j + j + 38. Calculate the greatest common factor of p and 88.
11
Let c be (1 + 183/(-3))*-1. Let n = 21 + -15. What is the highest common factor of n and c?
6
Let m(s) = s**2 + 10*s + 22. Let y be m(-7). Calculate the highest common factor of y and 7.
1
Suppose l = -4*a + 5*a + 6, 5*a = -l - 6. Suppose l = -j + 11. Let o(y) = -19*y + 1. Let d be o(-4). Calculate the greatest common divisor of j and d.
7
Suppose 5*r - 664 = -v, -3*v = -2*r - 7*v + 280. Calculate the highest common factor of r and 24.
12
Suppose 5*b + 5*x + 150 = 0, 0 = -3*x + 8*x. Let u be 144/10 - (-12)/b. Let h be (-4)/16 + (-29)/(-4). Calculate the highest common factor of u and h.
7
Suppose -36 = -p - 3*p. Calculate the highest common divisor of 54 and p.
9
Let a = -84 + 192. What is the greatest common divisor of 12 and a?
12
Suppose r - 3*f = -15, -r + 2*f - 3 = 7. Suppose r*c - 38 = -5*c - k, c + 5*k + 2 = 0. Let a = 18 - -14. What is the highest common factor of a and c?
8
Suppose 3*c - h + 0 = 11, -2*c + h = -8. What is the highest common factor of 3 and c?
3
Let c be (-4)/(-8) + 14/4. Let m = 2 + 9. Let b = c + m. Calculate the greatest common factor of 5 and b.
5
Let i(d) = -d**3 + 5*d**2 - 2*d - 4. Let q be i(3). What is the greatest common factor of 40 and q?
8
Let c be (-2490)/(-6) + (5 - 2). What is the highest common divisor of c and 22?
22
Let u(q) = -q**3 + q**2 + 4*q + 3. Let b be u(-2). Let y be -3 - (1 - (1 + b)). What is the highest common divisor of y and 2?
2
Let b be 1/(-6) - (-50)/12. Suppose 75 = b*h - 93. What is the greatest common factor of h and 14?
14
Let a(q) = 16*q - 16. Let v be a(4). What is the greatest common factor of 12 and v?
12
Let j = 49 + -25. What is the greatest common divisor of 168 and j?
24
Suppose 0 = -4*w + 2*z + 40, 50 = 5*w - 2*z + 4*z. Let p(d) = 0*d + 24*d**2 + 0 + 4*d + 2. Let a be p(-2). Calculate the highest common divisor of a and w.
10
Let t = -1 + -1. Let l be t/3*3 - -17. Let d be (-1569)/(-21) + (-4)/(-14). What is the greatest common divisor of d and l?
15
Suppose 2*n - 308 = -2*n. Suppose 3*y = 11 + 4. Suppose -37 = -4*r - y*o - 8, -o = -r + 14. Calculate the highest common factor of n and r.
11
Let v = -7 + 10. Suppose v*w - 15 + 6 = 0. Calculate the highest common divisor of w and 24.
3
Let z be 13/52*(-4)/(-1). Calculate the highest common divisor of 7 and z.
1
Let g be 3 + -4 + -13 + 1. Let f = 29 + g. Calculate the greatest common divisor of f and 40.
8
Suppose 5*p = 5*w + 30, 5 = -2*p - 3*w + 2. Calculate the highest common factor of 2 and p.
1
Let t = 47 - 38. Let r be ((-12)/10)/((-3)/(-15)). Let j be r/27 - 490/(-18). What is the highest common divisor of j and t?
9
Suppose 0*g + 8 = 2*g. Suppose 5 = g*r + r. Suppose -f + 2*k + r = -4, 80 = 5*f + k. What is the greatest common divisor of 6 and f?
3
Suppose 0 = -r - 9 + 13. What is the greatest common divisor of 10 and r?
2
Let o be (-1)/(1/(-12)*2). Calculate the greatest common divisor of o and 30.
6
Let v be (-156)/(-18)*15/2. Let z(y) = y**2 - 7*y - 4. Let j be z(10). What is the highest common factor of v and j?
13
Suppose -43 = -6*d + 533. Calculate the highest common factor of 16 and d.
16
Suppose -5*j = -0*j - 10. Suppose j*v - 42 = -0*v. What is the highest common divisor of 105 and v?
21
Let a = 14 - -21. Let s be a/(-4)*(4 + -8). Suppose -42 = 2*k - 5*k. What is the highest common divisor of k and s?
7
Let n be (2 + 11)/(1*(3 + -2)). What is the highest common factor of n and 52?
13
Suppose 5*c = -34 + 194. Suppose -3*p + 33 = 3*x, 2*p + 3 = 3*x + 10. Calculate the greatest common divisor of p and c.
8
Let y = 1 - 7. Let c be (y/4)/((-2)/4). Calculate the highest common divisor of c and 3.
3
Let r = 7 - 19. Let b be 3 - (-7)/((-14)/r). What is the greatest common divisor of 81 and b?
9
Let p = -30 - -46. Suppose 0*y + 5*y - p = -r, 3*r + y - 6 = 0. Suppose -7 = -l + r. Calculate the highest common divisor of 8 and l.
8
Let a = 38 - 23. Let s be (-6)/a + (-984)/(-10). Calculate the highest common factor of 14 and s.
14
Suppose 0 = 3*g - 2*u + 1 - 9, -2*g - 2*u = 8. Let j be g*1/(0 - 1). Suppose j*c - 5*c = -450. Calculate the highest common factor of c and 15.
15
Let n be -3*3*8/(-36). Suppose 0 = 5*u + g - 18, -4*u + 13 = n*g + 1. What is the greatest common factor of u and 2?
2
Suppose -r + 4 = 31. Let b be (r/2)/((-1)/2). What is the greatest common factor of 81 and b?
27
Let r(d) be the second derivative of -d**4/12 - 4*d**3/3 - 7*d**2/2 + 5*d. Let c be r(-5). Calculate the highest common factor of 56 and c.
8
Let n(b) = 3*b + 3. Let o be n(2). What is the greatest common divisor of 27 and o?
9
Suppose 5*k = -y + 632, 2*y - 306 = -4*k + 196. Let s = -50 + k. Let f(r) = r**2 + 3*r - 7. Let g be f(-6). What is the greatest common divisor of s and g?
11
Let u be 24/(-20) - 2/(-10). Let k be 93/4 + u/4. Calculate the greatest common divisor of 46 and k.
23
Suppose -4*q + 0 = 4*n - 156, -5*n + q + 201 = 0. What is the greatest common factor of n and 360?
40
Let h(y) = -y**3 + 3*y**2 + 3*y. Let t be h(3). Let g be -1 - 3/(6/(-20)). Calculate the highest common divisor of t and g.
9
Suppose h = -2